 units digit of v?
7
Let l(u) = -u**3 + 2. Let n be l(0). Let m(j) = n*j - j**3 - 7*j**2 + j**3 + 3*j**2 + j**3 + 5. What is the tens digit of m(4)?
1
Suppose -q - q + 286 = 0. What is the units digit of q?
3
Let y = 35 + 0. What is the units digit of y?
5
Suppose 18 = b + 2*b. What is the units digit of b?
6
Let t be (-6 - -5)/((-1)/4). Suppose 80 + 20 = -t*i. What is the units digit of (15/i)/(1/(-5))?
3
Suppose -2*s = -5*s + 36. What is the tens digit of s?
1
Let r be (0 + 4)/(2/3). Suppose 0 = -r*l + 5*l + 5. What is the units digit of l?
5
What is the tens digit of (-2)/(-2) - -36 - (3 - 3)?
3
Suppose -2*d + 3*d = 0. Suppose -6*s + s + 45 = d. What is the units digit of s?
9
Let a be (2/6)/((-7)/(-42)). Let l be (13*2)/(1 - -1). Let t = l - a. What is the units digit of t?
1
Suppose -2*r - 3*b = 18, -2*b + 18 = -5*r - 46. Let u = r - -18. What is the units digit of u?
6
Let s(x) = -3*x + 6. Suppose 0*u + 3*u = 12. Let t be s(u). What is the units digit of 3 + t + 5*1?
2
Let t(g) = g**3 + 81. Let y be t(0). Suppose y = 2*h + h. What is the units digit of h?
7
Suppose 37 = 5*u - 8. Let q be (-334)/10 + (-8)/(-20). What is the tens digit of (0 + q)*(-3)/u?
1
Suppose 3*j = -0*k + k + 5, -3*k = -2*j - 6. Suppose -4*t - 7*b + 2*b = -61, -k*t + 60 = 4*b. What is the tens digit of t?
1
Let p(m) be the second derivative of -m**4/12 + m**3/2 + 5*m**2/2 + 2*m. Let a be p(4). Suppose -r + 3*w + a = 0, -w - 5 = -r - 2. What is the units digit of r?
4
Let c(g) = -2*g + 37. What is the tens digit of c(-6)?
4
Let c = -14 + 9. Let r be (-18)/5 + 2/c. Let j = -3 - r. What is the units digit of j?
1
Suppose -5*j + 22 = -13. What is the units digit of j?
7
Let f = -17 - -9. Let l = f - -11. What is the units digit of l?
3
Let m be (-18)/4*(-8)/6. Let r = 12 - m. What is the units digit of r?
6
Suppose 0 = -4*q + 9 + 3. Suppose -n = q*n. Suppose -4*i + 27 = -3*l + 7, -4*l - 16 = n. What is the units digit of i?
2
Let y = 195 - 96. What is the tens digit of y?
9
Let b(v) = -16*v + 9. What is the units digit of b(-5)?
9
Let z(j) = j**3 - 4*j**2 + 3*j - 6. What is the hundreds digit of z(7)?
1
Suppose 0 = -4*n + 16, 0*n - n = 4*q - 788. What is the units digit of q?
6
Let x = 367 - 143. What is the hundreds digit of x?
2
Suppose -6*j = -2*j - 192. Suppose 4*p - p = j. What is the tens digit of p?
1
Suppose 500 = 6*x + 8. What is the units digit of x?
2
Let j be (-5)/15 + (-26)/(-6). Let t(u) = u + 1. What is the units digit of t(j)?
5
Suppose u = c - 7, -1 = -u - 4*u - 4*c. Let j(s) = s**2 + s + 4. Let l be j(u). What is the units digit of (-8)/(-20) + 6/l?
1
Suppose 4*t - 128 = -4*p, -3*p + 68 = 2*t - 2*p. Let y = t - -6. What is the units digit of ((-2)/(-6))/(2/y)?
7
Suppose 21 = -m - 5*l + 5, 0 = 5*m + 5*l - 20. What is the units digit of m?
9
What is the units digit of ((-444)/18)/(2/(-3))?
7
Let v = 0 + 0. Let r be 1 + 0 - (v + 2). Let h(i) = -9*i**3 + 2*i + 1. What is the units digit of h(r)?
8
Let h be (18/12)/(2/4). Suppose y = -h*y + 56. What is the tens digit of y?
1
Let o = 4 + -6. Let h be -1 - -6 - 2/o. Suppose 4*q = -g - g + h, -18 = -3*g - 3*q. What is the units digit of g?
9
Let n(h) = 8*h - 22. What is the units digit of n(5)?
8
Suppose 2*y - 4*h = -y + 20, 5*h = 2*y - 25. Let v(j) = j**3 + j**2 + j - 17. Let d be v(y). Let k = -10 - d. What is the units digit of k?
7
Let t(p) = 3*p**2 + 8*p + 8. What is the tens digit of t(-4)?
2
Suppose 127 = -3*m + 5*v, -v + 180 = -5*m + v. Let b = 48 + m. What is the units digit of b?
4
Suppose -8*c = -3*c - 435. What is the units digit of c?
7
Suppose 0*k - 2*n - 104 = 3*k, k - 2*n + 40 = 0. Let r = -26 - k. What is the tens digit of r?
1
Suppose -5*u + 2*u - 4*v + 24 = 0, -2*u - v = -11. What is the units digit of u?
4
Suppose 2*m - 12 = -3*g, -3*m - 3*g + 10 = -5. Suppose 0 = -4*d + m*x + 9 + 10, 0 = 4*d + 5*x + 21. What is the units digit of d?
1
Suppose -f + 5*b = 4 - 34, 0 = -2*b - 10. Let u(x) = x + 7. Let w be u(-5). Suppose a - f = w. What is the units digit of a?
7
Suppose 3*n = 7*n - 56. Let h = n + -9. What is the units digit of h?
5
Let j be (-4)/1*17/2. Let g = -15 - j. What is the units digit of g?
9
Let k = -158 - -290. What is the hundreds digit of k?
1
Let g be (0 + 1)/(3/27). Suppose -2*a = -2*c - 1 + g, 0 = 2*a + 2*c - 12. What is the units digit of a?
1
Let i be 6/(-3) + (0 - -2). Suppose i = 5*b - 0*b + 10. Let d = 6 + b. What is the units digit of d?
4
Let l = 7 - 5. Suppose 3*a + 2*y + 13 = 7*y, a + l*y - 14 = 0. What is the units digit of ((-1)/(-2))/(2/a)?
1
Let p(c) = -c**2 + 4*c - 3. Let t(g) = -g**3 - g - 3. Let w be t(0). Let f be ((-1)/w)/((-2)/(-12)). What is the units digit of p(f)?
1
Let v(f) = -f**3 - f**2 + 4*f - 1. Let s be v(-3). Let j = 7 - s. What is the units digit of j?
2
Let c(n) = -2 + 0*n - 5*n + 3*n. Let w be c(-3). Suppose -w*g + 3*v = -25, -2*g = -2*v - 12 - 2. What is the units digit of g?
4
Let i = 37 - 26. Let s = 7 + i. Suppose -s = -0*w - 2*w. What is the units digit of w?
9
Suppose 3*c - 62 = -5*j, 2*c = 4*j + 3*c - 51. What is the tens digit of j?
1
Let n(t) = t**3 - t**2 - t + 5. Let o(a) = a**3 - 8*a**2 + 2. Let h be o(8). Suppose b = -h*b. What is the units digit of n(b)?
5
Let z(y) be the third derivative of -y**6/15 - y**4/12 + y**3/6 - 2*y**2. Let s be z(1). Let w = s - -10. What is the units digit of w?
1
Suppose 0*q = -5*q - 30. Let p = -2 - q. What is the units digit of p?
4
Let u(v) = -4*v - 9. Let t be u(-12). Let a = -15 + t. What is the units digit of a?
4
Suppose 4*k - 3*k - 5 = 0. Suppose 4*h - k = v - 0*v, -4*v = -5*h - 13. What is the units digit of v?
7
Let m = 39 - 21. What is the tens digit of m?
1
What is the tens digit of ((-3)/(-3))/(6/84)?
1
Let o be 3*1*1/(-3). Suppose 0 = -h + 5 - 3. Let g = h + o. What is the units digit of g?
1
Suppose 5*i - t = 408, -2*t + 5*t + 322 = 4*i. What is the tens digit of i?
8
Let b(d) be the second derivative of -1/3*d**3 + 1/2*d**2 + 2*d + 0. What is the units digit of b(-2)?
5
Let u = -2 - -4. Let m(n) = -u*n**2 - 3 + 0 - n**3 + 5. What is the units digit of m(-2)?
2
Let q = 445 + -239. What is the units digit of q?
6
Suppose -180 = 5*o - o. What is the units digit of (-350)/o + (-2)/(-9)?
8
Let l(o) = -o**3 - 4*o**2 - 3. Let m be l(-4). Let q be -3*(-10)/m*-1. Let d = -6 + q. What is the units digit of d?
4
Suppose x + 3*n + 7 = 0, 5*n - n + 1 = -3*x. Let o(v) = 2*v**2 - 7*v + 2. What is the tens digit of o(x)?
1
Suppose 4*b = 12 + 60. Let j = 30 - b. What is the tens digit of j?
1
Let z(r) = r**3 + 6*r**2 + 3. Let l be z(-6). Suppose 5*m - w = l, 0*m + 6 = -2*m - 2*w. Suppose m = y - 4 + 1. What is the units digit of y?
3
Let r(j) = 12*j + 2. Let w = 8 + -6. What is the tens digit of r(w)?
2
Let i = 299 + -188. What is the tens digit of i?
1
Let p(z) = 2 - 2*z + 5*z - 1 - 5. Let v be p(6). What is the units digit of 2/(-7) - (-102)/v?
7
Suppose 0*d + 44 = -4*d + 2*n, 2*d + 20 = 2*n. Let q be 3/d - 2/(-8). Suppose 2*z + 2 - 6 = q. What is the units digit of z?
2
Suppose 0 = x + 2*a + 41, -4*x - 2*a = -3*a + 146. Let m = x + 70. What is the units digit of m?
3
Let w = 1 + -2. Let v = 5 + w. Suppose -v*u + 36 = 8. What is the units digit of u?
7
Let k(r) = -r**3 - r**2 + r + 1. Let n(t) = 6*t**3 + 2*t**2 - 7*t - 1. Let a = -3 - -2. Let i(h) = a*n(h) - 5*k(h). What is the units digit of i(3)?
2
Let l = 6 - 8. Let y be (-2)/(108/(-53) - l). Suppose -5*x + y = -x - 3*j, -3*x + 4*j = -38. What is the units digit of x?
4
Let q = 272 - 147. What is the tens digit of q?
2
Let z be (-393)/15 + 1/5. Let x = -9 - z. What is the tens digit of x?
1
Let a be -2 - -1 - (2 + -6). Suppose -a*d + 6*d - 12 = 0. What is the units digit of d?
4
Suppose 0 = 4*r + 12, 3*l + 2*r - 3 = 3. What is the units digit of l?
4
Suppose -270 = -2*j - 3*j + 5*g, 4*g + 272 = 5*j. What is the units digit of j?
6
Suppose -3 - 3 = -3*a. What is the units digit of a?
2
Let u(b) = 6*b + 3. What is the tens digit of u(9)?
5
Suppose 3*n - 75 = 3*y, -131 = -5*n + y + 10. Let x = n + -15. What is the units digit of x?
4
Suppose -4*l + 454 = -h, h + 1 - 3 = 0. What is the hundreds digit of l?
1
Suppose -2*s + 5*p + 44 + 5 = 0, 4*s - 4*p = 104. What is the units digit of s?
7
Let y = -1 - 8. Let z(d) = -d**2 - 9*d + 2. What is the units